{"id":2,"date":"2026-03-11T20:32:26","date_gmt":"2026-03-11T20:32:26","guid":{"rendered":"https:\/\/s-kohler.ch\/Test\/?page_id=2"},"modified":"2026-03-19T11:10:41","modified_gmt":"2026-03-19T11:10:41","slug":"sample-page","status":"publish","type":"page","link":"https:\/\/du-und-ych.ch\/","title":{"rendered":"Du und ich&#8230;"},"content":{"rendered":"\n<div class=\"wp-block-cover\" style=\"min-height:268px;aspect-ratio:unset;\"><img loading=\"lazy\" decoding=\"async\" width=\"1024\" height=\"684\" class=\"wp-block-cover__image-background wp-image-40\" alt=\"\" src=\"https:\/\/du-und-ych.ch\/wp-content\/uploads\/2026\/03\/Ringe-1024x684.png\" data-object-fit=\"cover\" srcset=\"https:\/\/du-und-ych.ch\/wp-content\/uploads\/2026\/03\/Ringe-1024x684.png 1024w, https:\/\/du-und-ych.ch\/wp-content\/uploads\/2026\/03\/Ringe-300x200.png 300w, https:\/\/du-und-ych.ch\/wp-content\/uploads\/2026\/03\/Ringe-768x513.png 768w, https:\/\/du-und-ych.ch\/wp-content\/uploads\/2026\/03\/Ringe.png 1324w\" sizes=\"auto, (max-width: 1024px) 100vw, 1024px\" \/><span aria-hidden=\"true\" class=\"wp-block-cover__background has-background-dim\"><\/span><div class=\"wp-block-cover__inner-container is-layout-flow wp-block-cover-is-layout-flow\">\n<p class=\"has-text-align-center has-large-font-size\">&#8222;<strong>Aus Liebe macht man so manche komische Sachen \u2013 manche heiraten sogar.<\/strong>&#8222;<\/p>\n<\/div><\/div>\n\n\n\n<p>Es sind ein paar Jahre ins Land gezogen, viele sehr sch\u00f6ne und auch intensive Jahre, mit Berg und Tal Fahrten. Jedes Jahr hat uns noch mehr zusammen geschweisst und unsere Liebe zueinander wachsen lassen.<\/p>\n\n\n\n<p>Darum haben wir uns dazu entschieden diesen Weg gemeinsam zu gehen, wie diese Wege davor und um unsere Beziehung vollkommen zu machen, uns das Jawort zu geben. Das Ja, auch in Zukunft immer f\u00fcreinander da und immer offen und ehrlich zueinander zu sein und viele weitere sch\u00f6ne Momente miteinander zu erleben. \u00a0<\/p>\n\n\n\n<p>Um diesen Tag perfekt zu machen, laden wir Dich\/Euch zum Ap\u00e9ro mit anschliessender Zeremonie ein, um daran teilzuhaben und mit uns anzustossen und zu feiern.<\/p>\n\n\n\n<p>Nach dem Ap\u00e9ro  k\u00f6nnen, wenn gew\u00fcnscht, die Ap\u00e9ro G\u00e4ste noch auf der Wiese\/Lichtung verweilen, solange sie m\u00f6chten. Die Essensg\u00e4ste begeben sich um 16:00 auf die Burg, um im kleineren Kreis weiter zu feiern.<\/p>\n\n\n\n<p>Hier die zwei internen Seiten f\u00fcr unsere G\u00e4ste:<\/p>\n\n\n\n<ul class=\"wp-block-list\">\n<li>F\u00fcr unsere G\u00e4ste die dem <a href=\"https:\/\/du-und-ych.ch\/index.php\/apero-gaeste\/\">Apero<\/a> beiwohnen.<\/li>\n\n\n\n<li>F\u00fcr unsere G\u00e4ste die beim <a href=\"https:\/\/du-und-ych.ch\/index.php\/essgaeste\/\" data-type=\"page\" data-id=\"27\">Essen<\/a> dabei sind.<\/li>\n<\/ul>\n\n\n\n<p><\/p>\n\n\n\n<p><\/p>\n","protected":false},"excerpt":{"rendered":"<p>Es sind ein paar Jahre ins Land gezogen, viele sehr sch\u00f6ne und auch intensive Jahre, mit Berg und Tal Fahrten. Jedes Jahr hat uns noch mehr zusammen geschweisst und unsere Liebe zueinander wachsen lassen. Darum haben wir uns dazu entschieden <span class=\"excerpt-dots\">&hellip;<\/span> <a class=\"more-link\" href=\"https:\/\/du-und-ych.ch\/\"><span class=\"more-msg\">Weiterlesen &rarr;<\/span><\/a><\/p>\n","protected":false},"author":1,"featured_media":0,"parent":0,"menu_order":0,"comment_status":"closed","ping_status":"closed","template":"","meta":{"footnotes":""},"class_list":["post-2","page","type-page","status-publish","hentry"],"_links":{"self":[{"href":"https:\/\/du-und-ych.ch\/index.php\/wp-json\/wp\/v2\/pages\/2","targetHints":{"allow":["GET"]}}],"collection":[{"href":"https:\/\/du-und-ych.ch\/index.php\/wp-json\/wp\/v2\/pages"}],"about":[{"href":"https:\/\/du-und-ych.ch\/index.php\/wp-json\/wp\/v2\/types\/page"}],"author":[{"embeddable":true,"href":"https:\/\/du-und-ych.ch\/index.php\/wp-json\/wp\/v2\/users\/1"}],"replies":[{"embeddable":true,"href":"https:\/\/du-und-ych.ch\/index.php\/wp-json\/wp\/v2\/comments?post=2"}],"version-history":[{"count":13,"href":"https:\/\/du-und-ych.ch\/index.php\/wp-json\/wp\/v2\/pages\/2\/revisions"}],"predecessor-version":[{"id":90,"href":"https:\/\/du-und-ych.ch\/index.php\/wp-json\/wp\/v2\/pages\/2\/revisions\/90"}],"wp:attachment":[{"href":"https:\/\/du-und-ych.ch\/index.php\/wp-json\/wp\/v2\/media?parent=2"}],"curies":[{"name":"wp","href":"https:\/\/api.w.org\/{rel}","templated":true}]}}

<div class="wp-block-cover" style="min-height:268px;aspect-ratio:unset;"><img loading="lazy" decoding="async" width="1024" height="684" class="wp-block-cover__image-background wp-image-40" alt="" src="https://du-und-ych.ch/wp-content/uploads/2026/03/Ringe-1024x684.png" data-object-fit="cover" srcset="https://du-und-ych.ch/wp-content/uploads/2026/03/Ringe-1024x684.png 1024w, https://du-und-ych.ch/wp-content/uploads/2026/03/Ringe-300x200.png 300w, https://du-und-ych.ch/wp-content/uploads/2026/03/Ringe-768x513.png 768w, https://du-und-ych.ch/wp-content/uploads/2026/03/Ringe.png 1324w" sizes="auto, (max-width: 1024px) 100vw, 1024px" /><span aria-hidden="true" class="wp-block-cover__background has-background-dim"></span><div class="wp-block-cover__inner-container is-layout-flow wp-block-cover-is-layout-flow">
<p class="has-text-align-center has-large-font-size">&#8222;<strong>Aus Liebe macht man so manche komische Sachen – manche heiraten sogar.</strong>&#8222;</p>
</div></div>



<p>Es sind ein paar Jahre ins Land gezogen, viele sehr schöne und auch intensive Jahre, mit Berg und Tal Fahrten. Jedes Jahr hat uns noch mehr zusammen geschweisst und unsere Liebe zueinander wachsen lassen.</p>



<p>Darum haben wir uns dazu entschieden diesen Weg gemeinsam zu gehen, wie diese Wege davor und um unsere Beziehung vollkommen zu machen, uns das Jawort zu geben. Das Ja, auch in Zukunft immer füreinander da und immer offen und ehrlich zueinander zu sein und viele weitere schöne Momente miteinander zu erleben.  </p>



<p>Um diesen Tag perfekt zu machen, laden wir Dich/Euch zum Apéro mit anschliessender Zeremonie ein, um daran teilzuhaben und mit uns anzustossen und zu feiern.</p>



<p>Nach dem Apéro  können, wenn gewünscht, die Apéro Gäste noch auf der Wiese/Lichtung verweilen, solange sie möchten. Die Essensgäste begeben sich um 16:00 auf die Burg, um im kleineren Kreis weiter zu feiern.</p>



<p>Hier die zwei internen Seiten für unsere Gäste:</p>



<ul class="wp-block-list">
<li>Für unsere Gäste die dem <a href="https://du-und-ych.ch/index.php/apero-gaeste/">Apero</a> beiwohnen.</li>



<li>Für unsere Gäste die beim <a href="https://du-und-ych.ch/index.php/essgaeste/" data-type="page" data-id="27">Essen</a> dabei sind.</li>
</ul>



<p></p>



<p></p>

<p>Es sind ein paar Jahre ins Land gezogen, viele sehr schöne und auch intensive Jahre, mit Berg und Tal Fahrten. Jedes Jahr hat uns noch mehr zusammen geschweisst und unsere Liebe zueinander wachsen lassen. Darum haben wir uns dazu entschieden <span class="excerpt-dots">&hellip;</span> <a class="more-link" href="https://du-und-ych.ch/"><span class="more-msg">Weiterlesen &rarr;</span></a></p>
